48094?
2, 13, 90682619
List the prime factors of 60703696.
2, 47, 89, 907
List the prime factors of 505583813.
7, 89, 115933
What are the prime factors of 170661716?
2, 42665429
What are the prime factors of 492825557?
7, 70403651
List the prime factors of 92051923.
17, 5414819
What are the prime factors of 113545925?
5, 1657, 2741
List the prime factors of 4144410919.
11, 769, 489941
What are the prime factors of 248434256?
2, 7, 149, 14887
What are the prime factors of 228997668?
2, 3, 1123, 16993
List the prime factors of 144307112.
2, 18038389
What are the prime factors of 68711427?
3, 7634603
What are the prime factors of 1536191958?
2, 3, 7, 607, 60257
List the prime factors of 726974181.
3, 19, 4251311
What are the prime factors of 47123856?
2, 3, 13, 2797
List the prime factors of 55069926.
2, 3, 1447, 6343
List the prime factors of 1362330323.
1362330323
List the prime factors of 1406246763.
3, 479, 978599
What are the prime factors of 3158222?
2, 23, 71, 967
List the prime factors of 15024490.
2, 5, 13, 47, 2459
What are the prime factors of 451629802?
2, 13, 17370377
What are the prime factors of 192376245?
3, 5, 12825083
What are the prime factors of 9229146595?
5, 103, 17920673
List the prime factors of 34010016.
2, 3, 354271
What are the prime factors of 30089208?
2, 3, 1253717
What are the prime factors of 1028013312?
2, 3, 1338559
List the prime factors of 549413589.
3, 31, 5907673
List the prime factors of 910411666.
2, 455205833
List the prime factors of 1123109605.
5, 191, 1176031
List the prime factors of 17439101.
17439101
What are the prime factors of 63906157?
7, 2861, 3191
What are the prime factors of 164598315?
3, 5, 7, 1567603
List the prime factors of 36266886.
2, 3, 671609
List the prime factors of 84906845.
5, 16981369
What are the prime factors of 95659773?
3, 11, 61, 47521
What are the prime factors of 2561119634?
2, 1280559817
What are the prime factors of 188264819?
547, 344177
What are the prime factors of 48166361?
29, 59, 28151
List the prime factors of 1921518541.
1921518541
What are the prime factors of 11865914?
2, 293, 20249
What are the prime factors of 674868958?
2, 17, 47, 422321
List the prime factors of 241027716.
2, 3, 20085643
What are the prime factors of 4413821783?
7, 311, 397, 5107
What are the prime factors of 2955375336?
2, 3, 17, 61, 118747
What are the prime factors of 20741818?
2, 41, 252949
What are the prime factors of 766776369?
3, 19, 23, 584879
What are the prime factors of 485583000?
2, 3, 5, 7, 19, 1217
List the prime factors of 1036256706.
2, 3, 37, 67, 7741
List the prime factors of 677465740.
2, 5, 7, 269, 17989
What are the prime factors of 62434037?
62434037
List the prime factors of 46057443.
3, 97, 163, 971
List the prime factors of 1615338803.
13, 103, 1206377
What are the prime factors of 1590802918?
2, 829, 959471
List the prime factors of 5069040238.
2, 2534520119
List the prime factors of 2878359068.
2, 13, 55353059
List the prime factors of 1021021550.
2, 5, 59, 283, 1223
What are the prime factors of 111820900?
2, 5, 17, 65777
List the prime factors of 3576928441.
3607, 991663
List the prime factors of 3066757915.
5, 13, 5869, 8039
List the prime factors of 1477385712.
2, 3, 11, 181, 5153
What are the prime factors of 614689839?
3, 331, 206341
List the prime factors of 326743248.
2, 3, 13, 47, 857
What are the prime factors of 97159358?
2, 48579679
What are the prime factors of 2031943020?
2, 3, 5, 17, 1992101
What are the prime factors of 40559260?
2, 5, 7, 41387
List the prime factors of 640975051.
19, 33735529
What are the prime factors of 18011659?
1009, 17851
What are the prime factors of 2631065838?
2, 3, 438510973
What are the prime factors of 1770324957?
3, 6343, 10337
What are the prime factors of 2441280406?
2, 59, 20688817
List the prime factors of 380658768.
2, 3, 7, 19, 59627
What are the prime factors of 66465760?
2, 5, 487, 853
What are the prime factors of 463619740?
2, 5, 23, 83, 12143
List the prime factors of 433978856.
2, 17, 3191021
What are the prime factors of 53351599?
7, 1931, 3947
What are the prime factors of 106629007?
19, 71, 79043
What are the prime factors of 174142504?
2, 21767813
List the prime factors of 460667930.
2, 5, 46066793
List the prime factors of 529828356.
2, 3, 97, 379, 1201
What are the prime factors of 2724019045?
5, 11, 49527619
What are the prime factors of 1691045018?
2, 13, 65040193
What are the prime factors of 3032530401?
3, 1010843467
List the prime factors of 819703325.
5, 7, 23, 203653
List the prime factors of 155704205.
5, 31140841
What are the prime factors of 3521515?
5, 704303
What are the prime factors of 33336372?
2, 3, 971, 2861
What are the prime factors of 3267781811?
7, 103, 4532291
What are the prime factors of 2727991697?
2727991697
What are the prime factors of 3019837880?
2, 5, 37, 2040431
What are the prime factors of 805034870?
2, 5, 80503487
What are the prime factors of 7513209912?
2, 3, 13, 24080801
What are the prime factors of 72269190?
2, 3, 5, 7, 114713
List the prime factors of 163988129.
163988129
List the prime factors of 1275117340.
2, 5, 7, 103, 88427
List the prime factors of 605783154.
2, 3, 23, 263, 16691
List the prime factors of 3143102958.
2, 3, 31, 61, 107, 863
List the prime factors of 3802888246.
2, 4721, 402763
What are the prime factors of 1219439763?
3, 29, 103, 45361
List the prime factors of 20277322.
2, 13, 29, 26893
List the prime factors of 67912210.
2, 5, 71, 95651
What are the prime factors of 9036102?
2, 3, 23, 65479
What are the prime factors of 226289873?
17, 13311169
List the prime factors of 33148061.
599, 55339
List the prime factors of 100835776.
2, 73, 113, 191
List the prime factors of 1219879733.
1219879733
What are the prime factors of 4517943249?
3, 36529, 41227
What are the prime factors of 2023433059?
2023433059
What are the prime factors of 180681586?
2, 2447, 36919
What are the prime factors of 57818518?
2, 29, 996871
List the prime factors of 2522539769.
19, 132765251
List the prime factors of 224245979.
224245979
List the prime factors of 463549650.
2, 3, 5, 19, 162649
List the prime factors of 55979220.
2, 3, 5, 11, 89, 953
What are the prime factors of 546016476?
2, 3, 45501373
List the prime factors of 98460978.
2, 3, 7, 11, 213119
List the prime factors of 35712587.
97, 368171
List the prime factors of 286561311.
3, 191, 500107
What are the prime factors of 31552880?
2, 5, 394411
What are the prime factors of 52682411?
52682411
What are the prime factors of 127919775?
3, 5, 1705597
List the prime factors of 303622162.
2, 47, 3230023
List the prime factors of 39607354.
2, 19803677
What are the prime factors of 2418673321?
2418673321
What are the prime factors of 3466047456?
2, 3, 97, 41357
List the prime factors of 493755315.
3, 5, 3583, 9187
List the prime factors of 2683514403.
3, 199, 1498333
List the prime factors of 35436549.
3, 11812183
List the prime factors of 20254720.
2, 5, 23, 43
What are the prime factors of 45404622?
2, 3, 23, 109673
What are the prime factors of 30379398?
2, 3, 7, 723319
List the prime factors of 4365402145.
5, 13, 79, 271, 3137
List the prime factors of 27882487.
167, 199, 839
List the prime factors of 8593300.
2, 5, 85933
What are the prime factors of 70461420?
2, 3, 5, 23, 51059
List the prime factors of 646380538.
2, 323190269
List the prime factors of 36267983.
683, 53101
List the prime factors of 524415792.
2, 3, 10925329
What are the prime factors of 25407528?
2, 3, 353, 2999
List the prime factors of 1500671268.
2, 3, 41685313
What are the prime factors of 915419378?
2, 457709689
What are the prime factors of 42804012?
2, 3, 23, 155087
What are the prime factors of 143155130?
2, 5, 17, 842089
What are the prime factors of 3649177?
7, 10639
List the prime factors of 29312371.
11, 157, 1543
List the prime factors of 281306617.
31, 41, 221327
List the prime factors of 1268226704.
2, 347, 228427
List the prime factors of 612301904.
2, 19, 2014151
List the prime factors of 93687619.
93687619
What are the prime factors of 2609925568?
2, 40780087
What are the prime factors of 1695203481?
3, 61, 9263407
List the prime factors of 3802968986.
2, 17, 2879, 38851
List the prime factors of 855909092.
2, 4547, 4705